 + 6*y**2 + y**2 - 6*y**2. Give c(4).
0
Let n = -20 + 36. Let q(x) = -2 - x**3 - 3 + n - 9 + x**2. Calculate q(3).
-16
Let r(i) = -3*i**2 - i. Let g(d) = d - 6. Let k be g(8). Suppose 1 = -k*v + v. Give r(v).
-2
Let h(q) = 0*q + 2 - 49*q**2 + 50*q**2 - 6*q - 1. Give h(8).
17
Suppose -3*y = 26 - 5. Let c(b) be the second derivative of b**5/120 + 5*b**4/12 - b**3/6 - 19*b. Let q(n) be the second derivative of c(n). What is q(y)?
3
Let o(c) = 2*c**2 - c. Let n(v) = 9*v**2 - 15*v - 11. Let h(l) = -n(l) + 5*o(l). Calculate h(-7).
-10
Let g(i) = 2*i - 2. Let r(u) = -5*u - 10. Let k(t) = 4*g(t) + r(t). Determine k(7).
3
Let o = 7 + -11. Let t(f) be the third derivative of f**5/15 + f**4/6 + f**3/6 - 26*f**2. Let r(b) = -2*b**2 + 1. Let x(l) = r(l) + t(l). Calculate x(o).
18
Let z(y) = y - 6. Let o(g) = g - 7. Let t(b) = 3*o(b) - 4*z(b). Give t(3).
0
Let z(d) = -d**3 + 1181*d**2 + 3 - 1181*d**2. Determine z(3).
-24
Let c(d) = 5*d**2 - 54*d - 6. Let n(r) = r**2 - 10*r - 1. Let a(s) = -2*c(s) + 11*n(s). What is a(3)?
4
Let w(z) = z**2 + 6*z + 6. Suppose 0 = -2*b - b. Suppose -3*x = 3, -3*x + 7 = -b*c - 5*c. Let n be (-1)/((-2)/5)*c. What is w(n)?
1
Let b(c) = -4 + 5813*c**2 - 5809*c**2 - 3 + 2 - 17*c**3. Let o(t) = -17*t**3 + 3*t**2 - 4. Let i = 13 - 7. Let x(m) = i*o(m) - 5*b(m). Calculate x(1).
-18
Suppose 0 = 5*f - 4*f - 19. Suppose 2*c - 3*h = -0*c - 17, h = 4*c + f. Let m(p) = p**2 + 2*p - 2. What is m(c)?
6
Let o(w) = 11*w - 22. Let m be o(2). Let z(y) = -y**3 + y**2 + y + 10. Calculate z(m).
10
Suppose 0 = 81*z - 76*z - 35. Let n(c) = c - 5. Determine n(z).
2
Let x(i) = -12*i + 140. Let y be x(12). Let a(s) = -s**3 - 6*s**2 - 12*s - 10. What is a(y)?
6
Let d(m) = -6*m - 34. Let t be d(-7). Let h(f) = f**2 - 10*f. Give h(t).
-16
Let d(v) = 7*v**2 + 26*v + 29. Let l(t) = 4*t**2 + 13*t + 15. Let b(w) = 3*d(w) - 5*l(w). Calculate b(-12).
0
Suppose 4*t = -4, 0*r - 4*r + 20 = 4*t. Let v(l) = r - l + 2*l - l - l. Give v(5).
1
Let a be (-512)/56 - ((-24)/(-4))/(-42). Let u(r) = -r**3 - 10*r**2 - 5*r + 4. Give u(a).
-32
Let b(h) = h**2 + 5*h - 9. Let x(d) be the first derivative of -5*d**2/2 - 2*d - 91. Suppose 4*k = 1 - 5, 2*k = g - 3. Let o be x(g). Determine b(o).
5
Let t(n) be the second derivative of 0 - 1/20*n**5 + 4*n + 0*n**3 + 2/3*n**4 - 2*n**2. Determine t(8).
-4
Let v be 2 - (2 - -20) - -4. Let m = -11 - v. Let n(l) = m*l**2 - 6*l - l**3 + 5*l - 7 + 6*l. Calculate n(6).
-13
Let x(g) = g + 1. Let j(q) = -q - 2 + 7*q + 5 - q. Let p(z) = -j(z) + 4*x(z). Suppose 0 = 5*a - 3 - 7. Determine p(a).
-1
Suppose 4*s + 2*q + 106 = -0*q, -3*q = 15. Let k be s/(-14) - (-2)/7. Let a(u) = -16*u**2 + 14*u**k + 3*u - 4*u. Determine a(2).
-10
Let s(x) = 5*x - 7. Let g(j) = -26*j + 41. Let l(t) = -26*t + 40. Let y(i) = 5*g(i) - 6*l(i). Let f(a) = -11*s(a) + 2*y(a). Determine f(6).
-11
Suppose 2*f + 8 = 4. Let v be (f + 1 - 0)*-2. Let r(a) = -3*a + 1 - v + 1. What is r(-1)?
3
Let n(z) = 4*z**2 + z + 3. Let g(q) = 3*q**2 + q + 3. Let m(u) = 5*g(u) - 4*n(u). Give m(3).
-3
Let c(f) = 418 + 2*f - 421 + 4*f - 5*f. Let l(v) = v - 1. Let h be l(1). What is c(h)?
-3
Let g(r) = r**2 + 7*r + 7. Let o be (8/(-6))/((-16)/24). Suppose -11 = 3*x - 4*b, -x - o*b = -0*x + 7. Calculate g(x).
-3
Suppose -2*h - 9 = -11. Let p be (6/(-5))/(3/10). Let l = h - p. Let z(k) = -2*k**2 + 8*k - 3. Calculate z(l).
-13
Let x(h) = h**2 - h - 5. Let r = 10 - 8. Suppose -6*c + r*c - 9 = -5*g, 5*c + 5*g = 45. Suppose 0*u - c*o = 2*u - 12, 2*u - 15 = -5*o. What is x(u)?
-5
Let r be -6 + (9/(-27))/(1/(-3)). Let n be (-4 - r)/((-2)/(-8)). Let z(d) = 4*d + 4. Calculate z(n).
20
Suppose q = 4*j - 31, 10*j = 8*j + q + 17. Let k(o) = o**2 - 5*o - 3. Calculate k(j).
11
Let f(v) = 2*v**2 + v - 1. Let l(y) = -5*y**2 - 3. Let g(a) = 3*f(a) + l(a). Suppose 2*b + 4 = -8. What is g(b)?
12
Let c(m) = -20*m + 7 + 9*m + 4*m + 6*m - 14. Give c(-7).
0
Let s(i) = -i**3 - i**2 + i + 1. Suppose 405*q = 425*q - 60. Determine s(q).
-32
Let t(u) = 2*u - u - 2 + 3*u - 2*u. Let l(j) = j**2 + j. Let x(o) = o**3 - 2*o**2 - 6*o + 3. Let v(p) = -6*l(p) - x(p). Let q be v(-4). What is t(q)?
-8
Let i(o) = -137*o**2 + 1 - 134*o**2 + 274*o**2. Determine i(1).
4
Let t(o) be the first derivative of -o**3/3 - 2*o**2 + 4*o - 1185. Suppose -2*l + 5*a - 16 = 2*a, 0 = 3*l + 2*a + 11. What is t(l)?
-1
Let l(t) = -4*t + 0 + 0 + 15*t. Calculate l(-2).
-22
Let w(p) = -2 - 4*p - 2*p + 3. Let g(b) = -2*b - 3. Let k = -26 - -25. Let s be g(k). What is w(s)?
7
Let b(l) = l**3 + 2*l**2 - 3*l - 2. Let n be b(-3). Let r(v) be the second derivative of -v**5/20 - v**4/4 - v**3/2 - v**2/2 + 18*v - 3. Determine r(n).
1
Let p(f) = -21430 - f + 21433 - 5*f. Give p(8).
-45
Let v(w) = -4*w + 26. Let h = 3 - -1. Let c(i) = -3*i + 0 + 0 - 5 + h*i. Let z(d) = 11*c(d) + 2*v(d). What is z(4)?
9
Let d(k) = k**3 - 15*k**2 + 13*k + 12. Let b be ((-7)/(-5))/((-40)/(-100))*4. Calculate d(b).
-2
Let f(a) = -a**2 + 7*a - 3. Let m be f(5). Let t(b) = -7*b**2 - 18*b + 14. Let w(v) = -3*v**2 - 9*v + 7. Let l(u) = 4*t(u) - 9*w(u). Determine l(m).
7
Let o(i) = i**3 - 8*i**2 + 3*i + 11. Let t(j) = j**3 - 10*j**2 + 4*j + 13. Let y(s) = 6*o(s) - 5*t(s). Let c = 5 - 8. Give y(c).
-2
Suppose -a + 3*a - 10 = 0. Let i(m) = 4*m - 2. Let f(w) = -2*w + 1. Let c(j) = a*f(j) + 3*i(j). Calculate c(-6).
-13
Suppose c - 24 = -2*n, -3*c - n + 120 = 2*c. Suppose 12 = 6*w - c. Let j(h) = h**3 - 6*h**2 + 2*h. Calculate j(w).
12
Let o(n) be the first derivative of n**3/3 - 5*n**2 + 3*n - 86. Let p be 9 + (-5 + 4 - -2). Calculate o(p).
3
Let j(f) be the first derivative of f**3/3 - 4*f**2 - 3*f - 1. Let k = 27 + -19. What is j(k)?
-3
Suppose 3*z = 2*v + 4, -2*z + 5*v - 22 + 10 = 0. Let j(m) = 2*m**2 + 1. Calculate j(z).
33
Let q be ((27 - 3)/(-4))/((-2)/6). Suppose -q = -h - 2*h. Let m(c) = -c**3 + 7*c**2 - 6*c - 4. Determine m(h).
-4
Let g(z) be the second derivative of 1/12*z**4 + 0 - 2*z**2 - 7*z + 2/3*z**3. Determine g(-4).
-4
Let c(w) = 33*w**3 - 4*w**2 - 3*w - 16*w**3 - 3 - 18*w**3. Let j be c(-2). Let a(u) = u + 5*u - 2*u**2 + 7 + 3*u**2. Calculate a(j).
2
Let l(n) = -15*n**3 - n**2 - 23*n + 1. Let s(m) = -10*m - m**2 + 1 - 8*m - 7*m**3 + 9*m - 2*m. Let g(x) = 6*l(x) - 13*s(x). Calculate g(-6).
-1
Let l(y) = -3*y - 9. Suppose 0*v + 30 = -5*v. Give l(v).
9
Let l(u) = u**2 - u + 1. Let s(j) = 10*j + 3. Let g(c) = l(c) + s(c). Give g(-8).
-4
Let b(u) = 3*u - 11. Suppose 75 = 5*z + 10*z. What is b(z)?
4
Let w(r) = r**3 + r**2 + r - 1. Suppose -l + 2*s = -11, 4*l + s - 9 = 2*s. Calculate w(l).
2
Let n be (-2)/(((-4)/5)/(6/(-5))). Let d(x) = -9*x**2 - 21*x - 8. Let h = 4 + -1. Let a(t) = 4*t**2 + 10*t + 4. Let p(c) = h*d(c) + 7*a(c). Give p(n).
-8
Let h(d) be the third derivative of -d**6/120 - d**5/12 + d**4/24 + 2*d**3/3 - 3*d**2 - 11. Calculate h(-6).
34
Let u(y) = y**2 + 2*y. Let j = 15 + -19. Let f be 6/2*j/6. Let g = -5 - f. What is u(g)?
3
Suppose 0 = -4*j + 82 - 74. Let c(g) = 2*g**2 + 2*g - 1. What is c(j)?
11
Let m(i) = 6*i + 45 - 88 + i**2 - 2*i - 20*i + 49. Calculate m(17).
23
Let d(l) = -6*l**2 + 2*l + 2. Suppose -7*p - 10 + 3 = 0. Give d(p).
-6
Let u(g) be the second derivative of 7/24*g**4 - 2*g + 0 - 5/3*g**3 - 4*g**2 + 1/60*g**5. Let x(j) be the first derivative of u(j). What is x(-8)?
-2
Let c(s) be the third derivative of -s**5/60 + s**4/4 + s**3/6 + 27*s**2. Let j = 40 - 56. Let v = -10 - j. What is c(v)?
1
Let q(r) = -2 + 3*r + 7 - 32. Give q(7).
-6
Let w be (23/2*(-5 - -1))/(-2). Let i(l) = -26 - w + l + 61. What is i(0)?
12
Let y = -417 + 419. Let u(z) = 2*z**3 - 3*z**2 - z + 3. Give u(y).
5
Suppose -38*m - 24 = 4*r - 36*m, 0 = 3*r + 2*m + 20. Let x(l) = -l. What is x(r)?
4
Let q(x) = 2*x - 12. Let p(o) = -5*o + 38. Let y(w) = 3*p(w) + 8*q(w). What is y(0)?
18
Let l(b) be the first derivative of 11*b**2/2 - 2*b - 9. Let v(m) = -12*m + 2. Let y(k) = -4*l(k) - 3*v(k). Determine y(2).
-14
Let o = 36 - 37. Let c = -4 + o. Let b(a) = 6 + 5*a**2 - a**3 - 3*a + 2*a**3 + 4*a. Determine b(c).
1
Let x(b) = 41 - b**2 - b**3 - 7*b + 3*b - 33 + 3*b. Determine x(0).
8
Let y(g) = -3 - g + 6 - 9. Let d be y(-9). Let b(k) = -d - 2*k + 8 - k + k. What is b(5)?
-5
Let o(f) = -4*f**3 - 10*f**2 - 8*f + 4. Let d(u) = u**3 + u**2 + u. Let x be (1 + 2/(-6))/((-30)/45). Let s(w) = x*o(w) - 